late u(6).
-8
Let f(o) = -o**3 + 4*o**2 + 46*o - 106. Determine f(8).
6
Let y(t) = 2*t**3 + t**2 - 3*t + 16. Give y(0).
16
Let a(k) = k**2 - 46*k - 1109. What is a(-17)?
-38
Let x(p) = -p**3 - 43*p**2 - 233*p + 680. Determine x(-36).
-4
Let w(c) = -12642*c + 12641. Give w(1).
-1
Let k(a) = a**2 - 23*a + 54. What is k(12)?
-78
Let g(b) = 3*b**3 + 242*b**2 + 161*b + 92. Calculate g(-80).
12
Let a(t) = -8*t**3 - 521*t**2 - 67*t - 131. What is a(-65)?
-1
Let a(c) = -1771*c - 5315. What is a(-3)?
-2
Let m(z) = -15*z + 38. Calculate m(6).
-52
Let u(h) = -52*h + 421. Calculate u(17).
-463
Let a(f) = f**3 - 63*f**2 - 131*f + 176. Give a(65).
111
Let o(s) = 119*s + 2492. Give o(-21).
-7
Let g(i) = i**2 - 186*i - 759. What is g(-4)?
1
Let l(a) = -3*a**3 + 15*a**2 - 5*a + 4. What is l(4)?
32
Let h(b) = -210*b + 41. Calculate h(3).
-589
Let v(q) = 3*q**3 - 23*q**2 + 19*q - 31. What is v(7)?
4
Let x(d) = -2*d**3 - 22*d**2 + 78*d - 15. What is x(3)?
-33
Let c(v) = 5*v**2 + 47*v - 173. Determine c(5).
187
Let m(l) = 2*l**3 - 13*l**2 + 12*l + 10. What is m(6)?
46
Let d(m) = -7*m**3 + 7*m**2 + 12*m + 1. Calculate d(-3).
217
Let b(z) = -65*z + 5249. What is b(81)?
-16
Let w(f) = 1778*f - 24864. Give w(14).
28
Let g(o) = -o**2 - 15*o + 116. Calculate g(-16).
100
Let t(b) = b**3 + 28*b**2 + 175*b - 26. Determine t(-10).
24
Let b(d) = -d**2 + 65*d - 294. What is b(5)?
6
Let d(j) = -12*j + 798. Determine d(63).
42
Let t(c) = -1286*c + 74589. What is t(58)?
1
Let y(i) = -i**2 + 65*i - 1087. What is y(28)?
-51
Let l(w) = w**3 - 14*w**2 + 11*w + 83. Give l(13).
57
Let o(s) = -575*s**2 - 29900*s + 1. Determine o(-52).
1
Let u(i) = -207*i + 6423. What is u(31)?
6
Let h(i) = 3*i**2 + 51*i - 47. What is h(-20)?
133
Let f(m) = 28*m**2 + 86*m + 4. Calculate f(-2).
-56
Let i(x) = 176*x + 159. Give i(-2).
-193
Let a(c) = c**2 - 117*c - 692. Determine a(-6).
46
Let n(s) = -25*s**2 - 31*s + 9. What is n(1)?
-47
Let l(h) = -83*h + 79. Determine l(-5).
494
Let l(r) = -23*r + 69. Give l(3).
0
Let d(r) = r**2 + 15*r + 66. Give d(-24).
282
Let f(r) = -2710*r - 10844. What is f(-4)?
-4
Let k(b) = -3*b**2 + 73*b - 407. Calculate k(16).
-7
Let o(y) = 2*y**2 + 21*y + 128. What is o(-7)?
79
Let s(g) = -567*g + 564. Determine s(1).
-3
Let o(m) = -m**3 - 70*m**2 - 382*m + 126. Determine o(-64).
-2
Let t(r) = -2*r**3 + 93*r**2 - 336*r - 21. Give t(4).
-5
Let q(l) = l**3 - 31*l**2 + 57*l + 44. Determine q(29).
15
Let t(w) = w**3 - 31*w**2 + 82*w - 743. What is t(29)?
-47
Let c(z) = -z**3 + 53*z**2 - 232*z + 257. Give c(2).
-3
Let l(r) = 5*r**3 + 12*r**2 - 28*r - 3. Calculate l(2).
29
Let l(m) = -27*m**2 + 148*m - 4. Determine l(5).
61
Let m(r) = 215*r**2 - 26*r + 23. Calculate m(1).
212
Let u(a) = 109*a - 113. Determine u(6).
541
Let w(h) = h**3 - 26*h**2 - 359*h - 43. Calculate w(36).
-7
Let j(x) = -1736*x + 10423. What is j(6)?
7
Let f(o) = -o**2 - 82*o - 805. Determine f(-72).
-85
Let n(d) = 4669*d + 168081. Calculate n(-36).
-3
Let q(c) = -240*c + 1438. Determine q(6).
-2
Let x(z) = -4*z**2 - 37*z - 124. What is x(-8)?
-84
Let q(l) = l**3 - 43*l**2 - 594*l - 34. What is q(54)?
-34
Let u(x) = -74*x - 1765. Give u(-24).
11
Let d(b) = -b**2 - 82*b - 921. Determine d(-64).
231
Let l(v) = 1265*v + 39. Give l(0).
39
Let c(y) = -11*y + 210. Determine c(10).
100
Let t(m) = m**3 - 159*m**2 + 1353*m - 15. What is t(9)?
12
Let z(h) = 36*h + 402. Calculate z(-9).
78
Let c(d) = 19*d**2 + d - 16. What is c(-3)?
152
Let r(m) = m**3 + 15*m**2 - 11*m + 28. What is r(-16)?
-52
Let v(g) = -15*g + 74. Determine v(5).
-1
Let z(f) = 2*f**2 + 153*f - 705. Give z(-80).
-145
Let w(u) = -4*u**2 + 36*u + 283. What is w(14)?
3
Let u(h) = -h**3 - 73*h**2 + 2958*h + 10. Give u(29).
10
Let g(i) = -i**3 + 8*i**2 - 16*i + 10. What is g(5)?
5
Let b(g) = -13*g**2 - 16*g - 15. Calculate b(-4).
-159
Let x(y) = 110*y - 996. Give x(9).
-6
Let p(k) = 291*k - 6697. Calculate p(23).
-4
Let n(z) = -52*z + 142. What is n(2)?
38
Let f(h) = 3*h**2 + 115*h - 902. Determine f(-45).
-2
Let g(v) = -20*v**2 + 452*v - 26. Calculate g(22).
238
Let d(q) = 2*q**2 + 4*q + 65. Determine d(-9).
191
Let q(b) = -b**2 - 39*b - 299. Determine q(-28).
9
Let z(p) = 10*p**3 - 73*p**2 - 5*p + 4. Give z(6).
-494
Let f(g) = -24*g - 1899. Determine f(-78).
-27
Let i(r) = 11*r**3 + 243*r**2 + 34*r + 222. Give i(-22).
-42
Let i(u) = -2*u**2 + 2*u - 62. Give i(9).
-206
Let w(c) = -120*c - 563. Determine w(-4).
-83
Let a(d) = 5*d**3 - 29*d**2 - 8*d - 5. What is a(6)?
-17
Let s(m) = 3*m**2 + 32*m - 138. Give s(5).
97
Let b(y) = -y + 82. Determine b(12).
70
Let o(y) = 3*y**2 - 112*y - 5678. Calculate o(66).
-2
Let u(d) = -435*d - 865. What is u(-2)?
5
Let n(g) = -38*g + 2209. Calculate n(55).
119
Let j(r) = -44*r + 4. Calculate j(1).
-40
Let j(r) = -2*r**3 + 84*r**2 + 561*r + 720. Calculate j(48).
0
Let w(a) = -a**3 + 7*a**2 - 21*a - 7. Calculate w(6).
-97
Let t(a) = -a**3 + 10*a**2 + 8*a + 16. What is t(11)?
-17
Let q(b) = -6*b**2 + 3*b - 207. Determine q(0).
-207
Let b(k) = k**2 + 109*k + 31. Give b(0).
31
Let b(l) = -33*l**3 + 4*l**2 - 8*l - 9. Determine b(-1).
36
Let s(h) = h**3 - 6*h**2 - 24*h - 33. Calculate s(0).
-33
Let i(t) = -t**3 + 34*t**2 + 8*t + 25. Determine i(34).
297
Let l(c) = 2*c**3 - 27*c**2 + 4*c - 20. What is l(13)?
-137
Let b(u) = 17*u + 351. Determine b(-27).
-108
Let s(z) = -z**2 + 1093*z + 144224. What is s(-119)?
-4
Let z(v) = -3*v**2 + 39*v - 13. What is z(12)?
23
Let x(q) = -q**3 - 13*q**2 - 120*q - 1544. Give x(-13).
16
Let h(z) = z**3 + 10*z**2 + 3*z + 20. Calculate h(-10).
-10
Let l(b) = -633*b - 5028. Calculate l(-8).
36
Let j(l) = -2*l**2 + 4*l + 17. Give j(-4).
-31
Let q(c) = 4*c**3 - 32*c**2 + c + 13. Calculate q(8).
21
Let u(w) = -299*w + 9094. Give u(31).
-175
Let d(k) = 6*k + 555. Determine d(-88).
27
Let s(v) = -v**3 + 9*v**2 + 8*v + 8. Calculate s(9).
80
Let q(m) = -m**3 - 9*m**2 + 19. Determine q(-6).
-89
Let z(g) = 3*g**3 - 8*g**2 - 27*g + 77. Give z(2).
15
Let i(q) = 175*q + 1911. Calculate i(-11).
-14
Let l(v) = 2*v**3 - 10*v**2 + 14*v - 4. Calculate l(3).
2
Let o(u) = -u**3 + 41*u**2 - 264*u + 145. Give o(7).
-37
Let p(d) = d**3 + 9*d**2 + d - 23. Determine p(0).
-23
Let m(l) = -3*l**2 + 137*l - 119. Give m(47).
-307
Let q(c) = -c**2 - 37*c + 351. Give q(8).
-9
Let k(c) = -3*c**2 + 2762*c - 8274. Determine k(3).
-15
Let r(y) = -4*y**3 - 12*y**2 + 6. Calculate r(2).
-74
Let w(j) = j**3 + 12*j**2 - 2*j + 66. Determine w(-13).
-77
Let r(n) = -3*n**2 + 132*n - 818. Give r(6).
-134
Let t(p) = p**3 - 21*p**2 + 11*p + 181. Give t(20).
1
Let x(g) = -g**2 + 150*g - 585. What is x(4)?
-1
Let i(y) = 85*y**2 + 456*y + 457. Give i(-1).
86
Let k(q) = 16*q**2 + 4*q - 47. Determine k(3).
109
Let v(c) = 44*c - 1156. What is v(26)?
-12
Let y(v) = -v**2 - 224*v + 4062. What is y(17)?
-35
Let u(v) = 2*v**3 - 4*v**2 - 50*v - 107. What is u(7)?
33
Let r(n) = -94*n + 932. Determine r(10).
-8
Let h(u) = -2*u**2 + 79*u - 15. Determine h(39).
24
Let j(g) = g**2 + 1046*g - 5. Calculate j(0).
-5
Let w(s) = 2*s + 7. Determine w(-6).
-5
Let p(n) = -409*n**2 - 2432*n + 122. Calculate p(-6).
-10
Let r(o) = 17*o + 62. Determine r(-3).
11
Let d(c) = -c**3 - 18*c**2 + 87*c - 12. What is d(-22)?
10
Let d(l) = 106*l + 7188. What is d(-68)?
-20
Let v(r) = -r**3 + 12*r**2 - 6*r + 9. What is v(6)?
189
Let b(n) = n**3 + 29*n**2 + 130*n + 749. Give b(-25).
-1
Let t(n) = 292*n + 23360. Calculate t(-80).
0
Let d(k) = -k**3 - 175*k**2 + 355*k + 131. Calculate d(-177).
-46
Let x(q) = -2*q**3 - q**2 - q - 2. Calculate x(-2).
12
Let f(d) = 2*d**3 + 3*d**2 - 20*d + 1. What is f(-6)?
-203
Let u(n) = 13*n**2 + 208*n + 4. Calculate u(-16).
4
Let m(z) = -7*z**2 + 22*z + 2. Give m(4).
-22
Let c(f) = -f**3 + 11*f**2 + 43*f - 338. What is c(8)?
198
Let c(u) = -179*u + 41523. Determine c(232).
-5
Let t(h) = -32*h + 302. Determine t(9).
14
Let c(m) = m**2 - 251*m + 2408. Determine c(10).
-2
Let f(t) = t**3 + 18*t**2 + 83*t + 17. Calculate f(-10).
-13
Let y(q) = -q**2 + 103*q - 525. Give y(5).
-35
Let t(o) = 2*o**2 - 74*o + 39. What is t(38)?
115
Let v(h) = -8*h**3 + 16*h**2 + 23*h + 7. Determine v(-1).
8
Let z(u) = 2*u - 137. Give z(63).
-11
Let u(p) = 54*p + 2801. Determine u(-52).
-7
Let d(j) = 3*j**3 + 120*j**2 - 3603*j + 40. Calculate d(20).
-20
Let a(o) = o**3 + 9